
3
What is the ten thousands digit of 967898?
6
What is the units digit of 175987?
7
What is the hundred thousands digit of 375862?
3
What is the hundreds digit of 138710?
7
What is the thousands digit of 657940?
7
What is the tens digit of 165228?
2
What is the millions digit of 1186986?
1
What is the ten thousands digit of 245228?
4
What is the ten thousands digit of 3033134?
3
What is the hundreds digit of 77632?
6
What is the ten thousands digit of 40615157?
1
What is the hundreds digit of 353441?
4
What is the thousands digit of 209463?
9
What is the millions digit of 2336382?
2
What is the thousands digit of 559518?
9
What is the hundreds digit of 653837?
8
What is the millions digit of 10938152?
0
What is the millions digit of 2329651?
2
What is the thousands digit of 52154?
2
What is the millions digit of 1002209?
1
What is the tens digit of 301469?
6
What is the thousands digit of 232461?
2
What is the units digit of 9996421?
1
What is the ten thousands digit of 493044?
9
What is the hundred thousands digit of 729337?
7
What is the ten thousands digit of 154555?
5
What is the hundreds digit of 580037?
0
What is the units digit of 550814?
4
What is the thousands digit of 538291?
8
What is the units digit of 6490?
0
What is the hundreds digit of 448074?
0
What is the tens digit of 4066911?
1
What is the tens digit of 778892?
9
What is the ten thousands digit of 471485?
7
What is the tens digit of 314510?
1
What is the hundreds digit of 1178308?
3
What is the units digit of 750595?
5
What is the units digit of 394937?
7
What is the hundreds digit of 7560219?
2
What is the tens digit of 73432?
3
What is the tens digit of 1257808?
0
What is the hundreds digit of 1546086?
0
What is the thousands digit of 1429872?
9
What is the tens digit of 250749?
4
What is the millions digit of 1795282?
1
What is the units digit of 1019312?
2
What is the thousands digit of 190756?
0
What is the units digit of 265295?
5
What is the hundred thousands digit of 3262440?
2
What is the ten thousands digit of 1156910?
5
What is the hundred thousands digit of 609296?
6
What is the units digit of 1504595?
5
What is the thousands digit of 2500931?
0
What is the millions digit of 7647269?
7
What is the millions digit of 4813811?
4
What is the units digit of 17996960?
0
What is the hundreds digit of 2098400?
4
What is the ten thousands digit of 4435686?
3
What is the thousands digit of 4216776?
6
What is the hundred thousands digit of 2228973?
2
What is the tens digit of 931350?
5
What is the hundred thousands digit of 1058465?
0
What is the tens digit of 8042644?
4
What is the hundreds digit of 236622?
6
What is the ten thousands digit of 96137?
9
What is the hundred thousands digit of 8493795?
4
What is the thousands digit of 24231172?
1
What is the thousands digit of 10293800?
3
What is the ten thousands digit of 847062?
4
What is the ten thousands digit of 10384782?
8
What is the ten thousands digit of 82187?
8
What is the ten thousands digit of 3824968?
2
What is the tens digit of 299945?
4
What is the tens digit of 178985?
8
What is the ten thousands digit of 2460369?
6
What is the ten thousands digit of 5650212?
5
What is the hundred thousands digit of 29152804?
1
What is the hundreds digit of 92666?
6
What is the ten thousands digit of 8119756?
1
What is the thousands digit of 298169?
8
What is the thousands digit of 468809?
8
What is the hundreds digit of 2597834?
8
What is the thousands digit of 800372?
0
What is the tens digit of 4680550?
5
What is the units digit of 2534262?
2
What is the hundreds digit of 2437614?
6
What is the hundreds digit of 145677?
6
What is the thousands digit of 1843861?
3
What is the units digit of 8279470?
0
What is the tens digit of 128579?
7
What is the units digit of 986284?
4
What is the thousands digit of 337101?
7
What is the tens digit of 1142369?
6
What is the thousands digit of 913136?
3
What is the hundreds digit of 3674492?
4
What is the units digit of 1852735?
5
What is the tens digit of 1119200?
0
What is the hundred thousands digit of 3954677?
9
What is the hundred thousands digit of 824725?
8
What is the hundred thousands digit of 3811355?
8
What is the thousands digit of 297706?
7
What is the ten thousands digit of 10269700?
6
What is the thousands digit of 317346?
7
What is the ten thousands digit of 7927398?
2
What is the ten thousands digit of 1009009?
0
What is the thousands digit of 15632768?
2
What is the thousands digit of 808755?
8
What is the ten thousands digit of 104799?
0
What is the units digit of 102474?
4
What is the units digit of 1389504?
4
What is the hundreds digit of 55924?
9
What is the hundreds digit of 8172031?
0
What is the tens digit of 583105?
0
What is the ten thousands digit of 211683?
1
What is the units digit of 2025?
5
What is the units digit of 5152453?
3
What is the hundreds digit of 1671225?
2
What is the thousands digit of 1096456?
6
What is the hundred thousands digit of 201523?
2
What is the thousands digit of 16095855?
5
What is the ten thousands digit of 1198453?
9
What is the hundred thousands digit of 434649?
4
What is the thousands digit of 444409?
4
What is the ten thousands digit of 2339375?
3
What is the thousands digit of 2436787?
6
What is the thousands digit of 11601191?
1
What is the tens digit of 459765?
6
What is the hundred thousands digit of 8277759?
2
What is the hundreds digit of 713520?
5
What is the ten thousands digit of 1809449?
0
What is the tens digit of 246210?
1
What is the units digit of 30540?
0
What is the units digit of 206507?
7
What is the hundred thousands digit of 4592280?
5
What is the units digit of 17251709?
9
What is the tens digit of 2187310?
1
What is the hundreds digit of 217659?
6
What is the ten thousands digit of 8477075?
7
What is the ten thousands digit of 26830721?
3
What is the units digit of 4070189?
9
What is the ten thousands digit of 12535868?
3
What is the units digit of 91029?
9
What is the hundred thousands digit of 20947560?
9
What is the tens digit of 157816?
1
What is the thousands digit of 5777523?
7
What is the millions digit of 15978799?
5
What is the hundreds digit of 957611?
6
What is the tens digit of 790118?
1
What is the hundred thousands digit of 1304266?
3
What is the hundreds digit of 6338920?
9
What is the thousands digit of 4472136?
2
What is the units digit of 471742?
2
What is the tens digit of 4314058?
5
What is the hundred thousands digit of 11614689?
6
What is the hundreds digit of 1053089?
0
What is the millions digit of 2477951?
2
What is the hundreds digit of 2300954?
9
What is the units digit of 23876?
6
What is the hundreds digit of 357940?
9
What is the units digit of 370710?
0
What is the tens digit of 5533735?
3
What is the hundred thousands digit of 478408?
4
What is the hundreds digit of 2322248?
2
What is the ten thousands digit of 75140?
7
What is the hundreds digit of 92704?
7
What is the ten thousands digit of 3326193?
2
What is the tens digit of 82214?
1
What is the hundreds digit of 910780?
7
What is the hundred thousands digit of 300272?
3
What is the hundred thousands digit of 218100?
2
What is the thousands digit of 4733138?
3
What is the hundreds digit of 7291040?
0
What is the ten thousands digit of 399959?
9
What is the thousands digit of 2607695?
7
What is the tens digit of 74475?
7
What is the units digit of 25855?
5
What is the tens digit of 1200634?
3
What is the units digit of 3027548?
8
What is the tens digit of 198242?
4
What is the hundred thousands digit of 2237627?
2
What is the hundred thousands digit of 1812375?
8
What is the hundreds digit of 1822196?
1
What is the ten thousands digit of 519016?
1
What is the tens digit of 411566?
6
What is the hundreds digit of 1232910?
9
What is the tens digit of 1593041?
4
What is the tens digit of 1534836?
3
What is the tens digit of 1078219?
1
What is the thousands digit of 347333?
7
What is the hundreds digit of 23788989?
9
What is the hundred thousands digit of 3262270?
2
What is the hundred thousands digit of 755908?
7
What is the hundreds digit of 718525?
5
What is the tens digit of 15840703?
0
What is the hundreds digit of 675072?
0
What is the hundred thousands digit of 784940?
7
What is the thousands digit of 2052463?